1) to base 8.
305667
What is -1796aa (base 12) in base 3?
-202212010211
Convert a169b (base 13) to base 12.
11b271
What is -1360997 (base 10) in base 2?
-101001100010001100101
2065d (base 14) to base 11
53742
Convert 4154a5 (base 14) to base 15.
2d8226
Convert 210222210021 (base 3) to base 13.
12204a
57a96a (base 11) to base 5
214002332
Convert 10330214423 (base 5) to base 3.
210000222012111
75a55 (base 14) to base 15
5952c
33305 (base 10) to base 2
1000001000011001
-10054443 (base 6) to base 11
-186a6a
What is 1110012020122 (base 3) in base 14?
161205
What is 12134033104 (base 5) in base 12?
4987186
-24202543 (base 7) to base 5
-1022333013
What is 1ba3762 (base 12) in base 14?
b07786
What is 101011001000100000 (base 2) in base 12?
862a8
171652 (base 9) to base 13
39482
Convert 495543 (base 16) to base 3.
100001011112100
25464533 (base 7) to base 6
121410142
What is -984274 (base 14) in base 10?
-5159214
Convert 24a45d (base 15) to base 7.
20632333
-1354101 (base 6) to base 10
-77365
What is 4881764 (base 9) in base 14?
4d0686
What is 61717113 (base 8) in base 3?
220121122101110
-12781444 (base 9) to base 13
-1400491
1110000001110010000 (base 2) to base 9
770477
What is -8a00b (base 13) in base 5?
-31003334
-35515662 (base 7) to base 15
-422843
Convert -102122010 (base 5) to base 2.
-1101000001000001001
What is 67430 (base 13) in base 6?
4003512
Convert 26440267 (base 8) to base 9.
12114527
1010110011000100001 (base 2) to base 12
150915
What is -2022331223 (base 4) in base 2?
-10001010111101101011
410450 (base 8) to base 7
1102640
Convert -10232312123 (base 4) to base 11.
-777a95
1689791 (base 10) to base 15
235a2b
What is -1669500 (base 10) in base 2?
-110010111100101111100
Convert -152266305 (base 7) to base 4.
-212302123230
Convert -1061617 (base 9) to base 10.
-572038
-2234564 (base 7) to base 4
-1003310102
Convert -1002122200000 (base 3) to base 5.
-122134221
What is 19699920 (base 10) in base 9?
41055180
What is 1a9b1a (base 13) in base 8?
2455236
-30eb (base 16) to base 4
-3003223
What is 16611473 (base 9) in base 12?
295a819
Convert -212110120002 (base 3) to base 10.
-461864
What is 2340414312 (base 5) in base 16?
5276ac
What is 33432410 (base 5) in base 14?
79c16
Convert 5014406 (base 7) to base 6.
20405432
What is 25772 (base 13) in base 14?
1b3dd
Convert 3a328 (base 16) to base 7.
2011655
What is 104475 (base 10) in base 2?
11001100000011011
1592dd9 (base 14) to base 15
ddc96c
Convert -4113320 (base 5) to base 7.
-365330
122000012122202 (base 3) to base 11
5113939
-86231 (base 11) to base 6
-2404302
What is -11101011111001101000000 (base 2) in base 4?
-131133031000
What is 20113020020 (base 4) in base 9?
4110622
-34401211 (base 6) to base 5
-232322311
What is 17665740 (base 9) in base 14?
1279b12
ccb40c (base 14) to base 9
14055832
-210303431 (base 5) to base 10
-869241
What is -2125311 (base 8) in base 13?
-16b700
-102101100 (base 3) to base 15
-26d3
1789546 (base 10) to base 4
12310321222
Convert 111000011001100110 (base 2) to base 3.
102201220002
What is 10466033 (base 8) in base 9?
4217454
Convert -112645 (base 9) to base 4.
-100200023
Convert -1936037 (base 13) to base 6.
-453110445
aa755 (base 16) to base 5
134320242
Convert -aef18 (base 16) to base 11.
-44a406
Convert 1ca264 (base 14) to base 8.
3725260
What is -48504 (base 10) in base 6?
-1012320
-b9953a (base 13) to base 3
-22012121110022
What is 48283c (base 14) in base 4?
21121333012
11000110100101010111110 (base 2) to base 14
c155dc
What is -2300243 (base 5) in base 4?
-21323322
2a6021 (base 12) to base 3
1100100100221
-2124341 (base 5) to base 3
-1211200112
Convert -1152055 (base 7) to base 3.
-21110220101
Convert 204809 (base 10) to base 12.
9a635
-202112121110 (base 3) to base 11
-256845
-147adb5 (base 14) to base 11
-56a7049
What is -10540851 (base 10) in base 12?
-3644043
Convert -5bcd9 (base 16) to base 8.
-1336331
5511d (base 15) to base 11
175055
What is -1553135 (base 6) in base 9?
-151165
-dce3b (base 16) to base 6
-31220415
1514647 (base 8) to base 4
1221212213
316520030 (base 7) to base 12
6400a22
Convert 64182 (base 11) to base 3.
11202002120
Convert 5332752 (base 9) to base 2.
1010111001010010101011
101010001000101010110 (base 2) to base 5
323140234
What is -1a236 (base 12) in base 10?
-38346
863b3 (base 15) to base 2
1101000000001101101
What is 141213452 (base 6) in base 8?
12731110
What is 775208 (base 9) in base 14?
c0a97
-7a202 (base 12) to base 9
-267182
Convert -1000001011011011101 (base 2) to base 9.
-447554
What is 1c9aa (base 14) in base 8?
217052
Convert -1045e02 (base 15) to base 9.
-23760222
Convert 7743241 (base 9) to base 5.
2031141220
Convert -10102221022 (base 3) to base 5.
-4132001
Convert -17a7a7 (base 11) to base 14.
-7335a
What is 259abc9 (base 13) in base 11?
6723936
Convert -31792 (base 11) to base 9.
-70335
Convert 5380d4 (base 14) to base 5.
1210422011
-6433532 (base 8) to base 13
-482040
-352505005 (base 6) to base 16
-64471d
What is 100011001010010100001 (base 2) in base 14?
21dc53
121010200112110 (base 3) to base 6
503445533
What is 100042302 (base 6) in base 3?
10011121212002
Convert 45530b (base 12) to base 15.
16d4cb
Convert 110221201012110 (base 3) to base 2.
11010010000100000100101
Convert -2240214442 (base 5) to base 13.
-1064321
What is -110111111110010110000 (base 2) in base 8?
-6776260
What is -1640864 (base 9) in base 12?
-380211
3641950 (base 10) to base 12
127773a
What is -622063 (base 7) in base 5?
-11401000
What is -200440015 (base 6) in base 4?
-30330333023
-1a771a (base 12) to base 11
-2a0673
2072435 (base 8) to base 9
1034274
-31cc0d (base 16) to base 11
-1929a0a
201e63 (base 16) to base 15
2b8a3b
Convert 1112220212011 (base 3) to base 12.
339604
What is 3315304 (base 7) in base 4?
1203201103
13025342 (base 7) to base 9
2203018
What is 1220011001102 (base 3) in base 12?
40676b
Convert 660325 (base 8) to base 15.
458ec
Convert 445186 (base 10) to base 2.
1101100101100000010
-177d58 (base 15) to base 4
-10112122133
-17d704 (base 16) to base 6
-53253112
Convert b275 (base 16) to base 5.
2430220
Convert -14ed04 (base 15) to base 13.
-295864
-1023302 (base 4) to base 3
-20122122
What is -11529 (base 11) in base 4?
-10003200
Convert -34032022 (base 5) to base 15.
-5d8e2
Convert -96522 (base 10) to base 11.
-66578
Convert -2011201000010 (base 3) to base 4.
-10122012030
Convert -211874 (base 10) to base 13.
-75590
1111011101001111110100 (base 2) to base 13
abb40c
-1110101110000001010100 (base 2) to base 12
-1360b30
What is 2312201 (base 4) in base 2?
10110110100001
-12100201010 (base 3) to base 11
-72292
What is -54655 (base 11) in base 6?
-1411111
Convert 4e5807 (base 16) to base 3.
100122211222212
Convert -4335a07 (base 12) to base 2.
-110000101011111001100111
What is 210301202 (base 4) in base 16?
24c62
What is 13d76 (base 16) in base 5?
10100040
Convert -6c051 (base 15) to base 2.
-1010100000100000110
-1231324312 (base 5) to base 12
-100567a
Convert a79629 (base 12) to base 11.
154aa1a
Convert 2646676 (base 8) to base 10.
740798
What is 186577 (base 9) in base 12?
5742a
-243020332 (base 5) to base 15
-178562
-20211212211210 (base 3) to base 2
-1101111000011100001110
What is -820c81 (base 14) in base 13?
-ba5645
What is 324125 (base 8) in base 13?
3a5a1
What is 1467452 (base 10) in base 15?
1dec02
What is -32569 (base 15) in base 3?
-22010021100
-41205245 (base 6) to base 11
-7389a6
Convert 928832 (base 11) to base 6.
51535544
10101000001010110 (base 2) to base 3
11101002222
-187740 (base 12) to base 11
-272515
What is 466076 (base 8) in base 3?
22001210211
Convert 2487531 (base 10) to base 5.
1114100111
-94e652 (base 15) to base 7
-114140405
Convert 4d5ab0 (base 16) to base 5.
2244210423
-818a13 (base 11) to base 2
-101000001000001101001
What is 282a106 (base 11) in base 2?
10010100110000000001001
What is 4454 (base 14) in base 7?
46334
What is -1605258 (base 9) in base 16?
-d92fb
a5132 (base 13) to base 10
296805
Convert 344101043 (base 5) to base 7.
16114245
What is 41055505 (base 7) in base 13?
92c3c5
-2fba2 (base 16) to base 2
-101111101110100010
What is 10435342 (base 7) in base 2?
11011011101100011010
a10483 (base 13) to base 11
2126698
415204 (base 7) to base 2
10001011100010110
Convert -1120212210 (base 3